{"id":3,"date":"2022-11-09T14:13:21","date_gmt":"2022-11-09T14:13:21","guid":{"rendered":"http:\/\/sport-premium.co\/?page_id=3"},"modified":"2024-03-07T11:53:35","modified_gmt":"2024-03-07T11:53:35","slug":"privacy-policy","status":"publish","type":"page","link":"http:\/\/sport-premium.co\/?page_id=3","title":{"rendered":"Conditions g\u00e9n\u00e9rales de vente"},"content":{"rendered":"[et_pb_section fb_built=\u00a0\u00bb1&Prime; admin_label=\u00a0\u00bbsection\u00a0\u00bb _builder_version=\u00a0\u00bb4.16&Prime; global_colors_info=\u00a0\u00bb{}\u00a0\u00bb][et_pb_row admin_label=\u00a0\u00bbrow\u00a0\u00bb _builder_version=\u00a0\u00bb4.16&Prime; background_size=\u00a0\u00bbinitial\u00a0\u00bb background_position=\u00a0\u00bbtop_left\u00a0\u00bb background_repeat=\u00a0\u00bbrepeat\u00a0\u00bb global_colors_info=\u00a0\u00bb{}\u00a0\u00bb][et_pb_column type=\u00a0\u00bb4_4&Prime; _builder_version=\u00a0\u00bb4.16&Prime; custom_padding=\u00a0\u00bb|||\u00a0\u00bb global_colors_info=\u00a0\u00bb{}\u00a0\u00bb custom_padding__hover=\u00a0\u00bb|||\u00a0\u00bb][et_pb_text admin_label=\u00a0\u00bbText\u00a0\u00bb _builder_version=\u00a0\u00bb4.24.2&Prime; background_size=\u00a0\u00bbinitial\u00a0\u00bb background_position=\u00a0\u00bbtop_left\u00a0\u00bb background_repeat=\u00a0\u00bbrepeat\u00a0\u00bb global_colors_info=\u00a0\u00bb{}\u00a0\u00bb]<p><\/p>\n<h1 class=\"wp-block-heading\">Conditions G\u00e9n\u00e9rales de Vente (CGV)<\/h1>\n<h2>Sport-premium.co op\u00e9r\u00e9 par EBMA COMMERCE<\/h2>\n<h3>SIREN : 878 877 992<\/h3>\n<p>Les pr\u00e9sentes conditions de vente sont conclues d\u2019une part par la soci\u00e9t\u00e9 EBMA COMMERCE dont le si\u00e8ge social est situ\u00e9 en France, immatricul\u00e9e au registre du commerce et des soci\u00e9t\u00e9s sous le num\u00e9ro 878 877 992, ci-apr\u00e8s d\u00e9nomm\u00e9e \u00ab\u00a0EBMA COMMERCE\u00a0\u00bb et g\u00e9rant le site Sport-premium.co, et d\u2019autre part, par toute personne physique ou morale souhaitant proc\u00e9der \u00e0 un achat via le site Internet \u00ab\u00a0Sport-premium.co\u00a0\u00bb d\u00e9nomm\u00e9e ci-apr\u00e8s \u00ab\u00a0l\u2019acheteur\u00a0\u00bb.<\/p>\n<h3>Article 1 : Objet<\/h3>\n<p>Les pr\u00e9sentes conditions de vente visent \u00e0 d\u00e9finir les relations contractuelles entre EBMA COMMERCE et l\u2019acheteur et les conditions applicables \u00e0 tout achat effectu\u00e9 par le biais du site internet Sport-premium.co. L\u2019acquisition d\u2019un produit \u00e0 travers ce site implique une acceptation sans r\u00e9serve par l\u2019acheteur des pr\u00e9sentes conditions de vente.<\/p>\n<h3>Article 2 : Caract\u00e9ristiques des biens et services propos\u00e9s<\/h3>\n<p>Les produits et services offerts sont ceux qui figurent dans le catalogue publi\u00e9 dans les pages du site Sport-premium.co. Ces produits et services sont offerts dans la limite des stocks disponibles. Chaque produit est accompagn\u00e9 d\u2019un descriptif \u00e9tabli par le vendeur. Les photographies du catalogue sont les plus fid\u00e8les possibles mais ne peuvent assurer une similitude parfaite avec le produit offert, notamment en ce qui concerne les couleurs.<\/p>\n<h3>Article 3 : Tarifs<\/h3>\n<p>Les prix figurant dans le catalogue sont des prix TTC en euro tenant compte de la TVA applicable au jour de la commande; tout changement du taux pourra \u00eatre r\u00e9percut\u00e9 sur le prix des produits ou des services. EBMA COMMERCE se r\u00e9serve le droit de modifier ses prix \u00e0 tout moment, \u00e9tant toutefois entendu que le prix figurant au catalogue le jour de la commande sera le seul applicable \u00e0 l\u2019acheteur.<\/p>\n<h3>Article 4 : Aire g\u00e9ographique<\/h3>\n<p>La vente en ligne des produits et services pr\u00e9sent\u00e9s dans le site est r\u00e9serv\u00e9e aux acheteurs qui r\u00e9sident en France, dans les DOM-TOM ou \u00e0 l\u2019\u00e9tranger, et pour des livraisons requises dans ces zones g\u00e9ographiques.<\/p>\n<h3>Article 5 : Commandes<\/h3>\n<p>L\u2019acheteur, qui souhaite acheter un produit ou un service doit obligatoirement :<\/p>\n<ul>\n<li>remplir la fiche d\u2019identification sur laquelle il indiquera toutes les coordonn\u00e9es demand\u00e9es ou donner son num\u00e9ro de client s&rsquo;il en a un ;<\/li>\n<li>remplir le bon de commande en ligne en donnant toutes les r\u00e9f\u00e9rences des produits ou services choisis ;<\/li>\n<li>valider sa commande apr\u00e8s l\u2019avoir v\u00e9rifi\u00e9e ;<\/li>\n<li>effectuer le paiement dans les conditions pr\u00e9vues ;<\/li>\n<li>confirmer sa commande et son r\u00e8glement.<\/li>\n<\/ul>\n<p>La confirmation de la commande entra\u00eene acceptation des pr\u00e9sentes conditions de vente, la reconnaissance d\u2019en avoir parfaite connaissance et la renonciation \u00e0 se pr\u00e9valoir de ses propres conditions d\u2019achat ou d\u2019autres conditions. Tous les donn\u00e9es fournies et la confirmation enregistr\u00e9e vaudront preuve de la transaction. La confirmation vaudra signature et acceptation des op\u00e9rations effectu\u00e9es. Le vendeur communiquera par courrier \u00e9lectronique confirmation de la commande enregistr\u00e9e.<\/p>\n<h3>Article 6 : Modalit\u00e9s de paiement<\/h3>\n<p>Le prix est exigible \u00e0 la commande. Les paiements seront effectu\u00e9s par carte bancaire; ils seront r\u00e9alis\u00e9s par le biais du syst\u00e8me s\u00e9curis\u00e9 Stripe qui utilise le protocole SSL (Secure Socket Layer) de sorte que les informations transmises sont crypt\u00e9es par un logiciel et qu\u2019aucun tiers ne peut en prendre connaissance au cours du transport sur le r\u00e9seau. L\u2019acheteur sera \u00e9galement en mesure de proc\u00e9der au paiement par PayPal, lien de paiement, ou virement bancaire. \u00c0 la demande de l\u2019acheteur, il lui sera adress\u00e9 une facture sur papier faisant ressortir la TVA.<\/p>\n<h3>Article 7 : Livraisons<\/h3>\n<p>Les produits sont livr\u00e9s \u00e0 l&rsquo;adresse de livraison que vous avez indiqu\u00e9e au cours du processus de commande. EBMA COMMERCE fait appel \u00e0 Colissimo pour la livraison de ses produits afin d&rsquo;assurer un service fiable et efficace.<\/p>\n<p><strong>D\u00e9lais de Livraison :<\/strong><\/p>\n<ul>\n<li><strong>En France :<\/strong> Les d\u00e9lais de livraison varient de 2 \u00e0 7 jours ouvr\u00e9s apr\u00e8s la confirmation de la commande. Ces d\u00e9lais sont donn\u00e9s \u00e0 titre indicatif.<\/li>\n<li><strong>International :<\/strong> Pour les commandes \u00e0 destination de l&rsquo;\u00e9tranger, les d\u00e9lais de livraison peuvent varier de 10 \u00e0 21 jours ouvr\u00e9s, en fonction du pays de destination. Notez que ces d\u00e9lais sont \u00e9galement donn\u00e9s \u00e0 titre indicatif et peuvent \u00eatre sujets \u00e0 variation en fonction des services postaux locaux et des \u00e9ventuelles formalit\u00e9s douani\u00e8res.<\/li>\n<\/ul>\n<p><strong>Modalit\u00e9s de Livraison :<\/strong><\/p>\n<ul>\n<li>Les commandes sont exp\u00e9di\u00e9es via le service Colissimo, offrant un suivi de l&rsquo;envoi pour une transparence maximale.<\/li>\n<li>Lors de l&rsquo;exp\u00e9dition, un num\u00e9ro de suivi sera fourni par email, permettant au client de suivre le colis sur le site web de Colissimo.<\/li>\n<li>En cas d&rsquo;absence lors de la livraison, un avis de passage sera laiss\u00e9 par le transporteur pour permettre le retrait du colis dans le bureau de poste le plus proche.<\/li>\n<\/ul>\n<p><strong>Frais de Livraison :<\/strong><\/p>\n<ul>\n<li>Les frais de livraison sont gratuits en france m\u00e9tropolitaine.<\/li>\n<li>Pour certaines promotions ou selon le montant de la commande, les frais de livraison peuvent \u00eatre offerts.<\/li>\n<\/ul>\n<p><strong>Responsabilit\u00e9 lors de la Livraison :<\/strong><\/p>\n<ul>\n<li>Les risques li\u00e9s au transport sont \u00e0 la charge de l&rsquo;acheteur \u00e0 partir du moment o\u00f9 les articles quittent les locaux de EBMA COMMERCE. En cas de dommages ou de perte durant le transport, il appartient au client de formuler une r\u00e9clamation motiv\u00e9e aupr\u00e8s du transporteur dans un d\u00e9lai de trois jours suivant la livraison.<\/li>\n<\/ul>\n<p><strong>Retards de Livraison :<\/strong><\/p>\n<ul>\n<li>En cas de retard de livraison par rapport aux d\u00e9lais indiqu\u00e9s, veuillez contacter notre service client. Si le retard d\u00e9passe 30 jours ouvr\u00e9s \u00e0 compter de la confirmation de la commande, l&rsquo;acheteur a la possibilit\u00e9 d&rsquo;annuler sa commande et sera int\u00e9gralement rembours\u00e9.<\/li>\n<\/ul>\n<h3>Article 8 : Politique de retour<\/h3>\n<p>L\u2019acheteur dispose d\u2019un d\u00e9lai de 14 jours \u00e0 compter de la r\u00e9ception des articles pour signaler son intention de retourner le produit au vendeur pour \u00e9change ou remboursement sans p\u00e9nalit\u00e9, \u00e0 l\u2019exception des frais de retour. Le(s) produit(s) devra(ont) \u00eatre retourn\u00e9(s) dans leur \u00e9tat d\u2019origine et complet (emballage, accessoires, notice&#8230;) de mani\u00e8re \u00e0 pouvoir \u00eatre recommercialis\u00e9(s) \u00e0 neuf, et accompagn\u00e9(s) de la facture d\u2019achat. Les retours sont \u00e0 effectuer \u00e0 l\u2019adresse du si\u00e8ge social d\u2019EBMA COMMERCE, adresse que vous trouverez sur notre site. Des dispositions plus d\u00e9taill\u00e9es concernant le processus de retour seront fournies avec la confirmation de commande.<\/p>\n<p><\/p>[\/et_pb_text][\/et_pb_column][\/et_pb_row][\/et_pb_section]","protected":false},"excerpt":{"rendered":"<p>Conditions G\u00e9n\u00e9rales de Vente (CGV) Sport-premium.co op\u00e9r\u00e9 par EBMA COMMERCE SIREN : 878 877 992 Les pr\u00e9sentes conditions de vente sont conclues d\u2019une part par la soci\u00e9t\u00e9 EBMA COMMERCE dont le si\u00e8ge social est situ\u00e9 en France, immatricul\u00e9e au registre du commerce et des soci\u00e9t\u00e9s sous le num\u00e9ro 878 877 992, ci-apr\u00e8s d\u00e9nomm\u00e9e \u00ab\u00a0EBMA COMMERCE\u00a0\u00bb [&hellip;]<\/p>\n","protected":false},"author":1,"featured_media":0,"parent":0,"menu_order":0,"comment_status":"closed","ping_status":"closed","template":"","meta":{"_et_pb_use_builder":"on","_et_pb_old_content":"<!-- wp:heading -->\n<h2 class=\"wp-block-heading\">Who we are<\/h2>\n<!-- \/wp:heading -->\n\n<!-- wp:paragraph -->\n<p><strong class=\"privacy-policy-tutorial\">Suggested text: <\/strong>Our website address is: http:\/\/sport-premium.co.<\/p>\n<!-- \/wp:paragraph -->\n\n<!-- wp:heading -->\n<h2 class=\"wp-block-heading\">Comments<\/h2>\n<!-- \/wp:heading -->\n\n<!-- wp:paragraph -->\n<p><strong class=\"privacy-policy-tutorial\">Suggested text: <\/strong>When visitors leave comments on the site we collect the data shown in the comments form, and also the visitor\u2019s IP address and browser user agent string to help spam detection.<\/p>\n<!-- \/wp:paragraph -->\n\n<!-- wp:paragraph -->\n<p>An anonymized string created from your email address (also called a hash) may be provided to the Gravatar service to see if you are using it. The Gravatar service privacy policy is available here: https:\/\/automattic.com\/privacy\/. After approval of your comment, your profile picture is visible to the public in the context of your comment.<\/p>\n<!-- \/wp:paragraph -->\n\n<!-- wp:heading -->\n<h2 class=\"wp-block-heading\">Media<\/h2>\n<!-- \/wp:heading -->\n\n<!-- wp:paragraph -->\n<p><strong class=\"privacy-policy-tutorial\">Suggested text: <\/strong>If you upload images to the website, you should avoid uploading images with embedded location data (EXIF GPS) included. Visitors to the website can download and extract any location data from images on the website.<\/p>\n<!-- \/wp:paragraph -->\n\n<!-- wp:heading -->\n<h2 class=\"wp-block-heading\">Cookies<\/h2>\n<!-- \/wp:heading -->\n\n<!-- wp:paragraph -->\n<p><strong class=\"privacy-policy-tutorial\">Suggested text: <\/strong>If you leave a comment on our site you may opt-in to saving your name, email address and website in cookies. These are for your convenience so that you do not have to fill in your details again when you leave another comment. These cookies will last for one year.<\/p>\n<!-- \/wp:paragraph -->\n\n<!-- wp:paragraph -->\n<p>If you visit our login page, we will set a temporary cookie to determine if your browser accepts cookies. This cookie contains no personal data and is discarded when you close your browser.<\/p>\n<!-- \/wp:paragraph -->\n\n<!-- wp:paragraph -->\n<p>When you log in, we will also set up several cookies to save your login information and your screen display choices. Login cookies last for two days, and screen options cookies last for a year. If you select \"Remember Me\", your login will persist for two weeks. If you log out of your account, the login cookies will be removed.<\/p>\n<!-- \/wp:paragraph -->\n\n<!-- wp:paragraph -->\n<p>If you edit or publish an article, an additional cookie will be saved in your browser. This cookie includes no personal data and simply indicates the post ID of the article you just edited. It expires after 1 day.<\/p>\n<!-- \/wp:paragraph -->\n\n<!-- wp:heading -->\n<h2 class=\"wp-block-heading\">Embedded content from other websites<\/h2>\n<!-- \/wp:heading -->\n\n<!-- wp:paragraph -->\n<p><strong class=\"privacy-policy-tutorial\">Suggested text: <\/strong>Articles on this site may include embedded content (e.g. videos, images, articles, etc.). Embedded content from other websites behaves in the exact same way as if the visitor has visited the other website.<\/p>\n<!-- \/wp:paragraph -->\n\n<!-- wp:paragraph -->\n<p>These websites may collect data about you, use cookies, embed additional third-party tracking, and monitor your interaction with that embedded content, including tracking your interaction with the embedded content if you have an account and are logged in to that website.<\/p>\n<!-- \/wp:paragraph -->\n\n<!-- wp:heading -->\n<h2 class=\"wp-block-heading\">Who we share your data with<\/h2>\n<!-- \/wp:heading -->\n\n<!-- wp:paragraph -->\n<p><strong class=\"privacy-policy-tutorial\">Suggested text: <\/strong>If you request a password reset, your IP address will be included in the reset email.<\/p>\n<!-- \/wp:paragraph -->\n\n<!-- wp:heading -->\n<h2 class=\"wp-block-heading\">How long we retain your data<\/h2>\n<!-- \/wp:heading -->\n\n<!-- wp:paragraph -->\n<p><strong class=\"privacy-policy-tutorial\">Suggested text: <\/strong>If you leave a comment, the comment and its metadata are retained indefinitely. This is so we can recognize and approve any follow-up comments automatically instead of holding them in a moderation queue.<\/p>\n<!-- \/wp:paragraph -->\n\n<!-- wp:paragraph -->\n<p>For users that register on our website (if any), we also store the personal information they provide in their user profile. All users can see, edit, or delete their personal information at any time (except they cannot change their username). Website administrators can also see and edit that information.<\/p>\n<!-- \/wp:paragraph -->\n\n<!-- wp:heading -->\n<h2 class=\"wp-block-heading\">What rights you have over your data<\/h2>\n<!-- \/wp:heading -->\n\n<!-- wp:paragraph -->\n<p><strong class=\"privacy-policy-tutorial\">Suggested text: <\/strong>If you have an account on this site, or have left comments, you can request to receive an exported file of the personal data we hold about you, including any data you have provided to us. You can also request that we erase any personal data we hold about you. This does not include any data we are obliged to keep for administrative, legal, or security purposes.<\/p>\n<!-- \/wp:paragraph -->\n\n<!-- wp:heading -->\n<h2 class=\"wp-block-heading\">Where your data is sent<\/h2>\n<!-- \/wp:heading -->\n\n<!-- wp:paragraph -->\n<p><strong class=\"privacy-policy-tutorial\">Suggested text: <\/strong>Visitor comments may be checked through an automated spam detection service.<\/p>\n<!-- \/wp:paragraph -->","_et_gb_content_width":"2880","footnotes":""},"class_list":["post-3","page","type-page","status-publish","hentry"],"_links":{"self":[{"href":"http:\/\/sport-premium.co\/index.php?rest_route=\/wp\/v2\/pages\/3","targetHints":{"allow":["GET"]}}],"collection":[{"href":"http:\/\/sport-premium.co\/index.php?rest_route=\/wp\/v2\/pages"}],"about":[{"href":"http:\/\/sport-premium.co\/index.php?rest_route=\/wp\/v2\/types\/page"}],"author":[{"embeddable":true,"href":"http:\/\/sport-premium.co\/index.php?rest_route=\/wp\/v2\/users\/1"}],"replies":[{"embeddable":true,"href":"http:\/\/sport-premium.co\/index.php?rest_route=%2Fwp%2Fv2%2Fcomments&post=3"}],"version-history":[{"count":7,"href":"http:\/\/sport-premium.co\/index.php?rest_route=\/wp\/v2\/pages\/3\/revisions"}],"predecessor-version":[{"id":269232,"href":"http:\/\/sport-premium.co\/index.php?rest_route=\/wp\/v2\/pages\/3\/revisions\/269232"}],"wp:attachment":[{"href":"http:\/\/sport-premium.co\/index.php?rest_route=%2Fwp%2Fv2%2Fmedia&parent=3"}],"curies":[{"name":"wp","href":"https:\/\/api.w.org\/{rel}","templated":true}]}}